t is 4 - 114?
-110
In base 5, what is -14334 - 0?
-14334
In base 11, what is -7 - 0?
-7
In base 15, what is -be - 4?
-c3
In base 13, what is 257 + -4?
253
In base 15, what is -1 - -34?
33
In base 9, what is -11 + 168?
157
In base 11, what is 373 + -4?
36a
In base 5, what is 4 + 34?
43
In base 13, what is 3 - 1006?
-1003
In base 16, what is -5 - 13?
-18
In base 3, what is -2 - 10002?
-10011
In base 11, what is -2 + -5539?
-5540
In base 9, what is 413 - 68?
334
In base 11, what is -5a67 + -4?
-5a70
In base 3, what is 12 - 120020?
-120001
In base 15, what is -17 + 0?
-17
In base 3, what is -22010221 + -1?
-22010222
In base 11, what is -88 - -36?
-52
In base 13, what is -19 - 4?
-20
In base 11, what is 18 - -4?
21
In base 3, what is 1 - -1021?
1022
In base 13, what is 108b1 + 0?
108b1
In base 8, what is 107 + 5?
114
In base 3, what is -12 + 102?
20
In base 15, what is -4 - -ae5?
ae1
In base 16, what is 6 - -2e?
34
In base 7, what is 335 - -155?
523
In base 8, what is -14 + -52?
-66
In base 8, what is -2444 + -5?
-2451
In base 15, what is -216 + 3?
-213
In base 10, what is -30 + 701?
671
In base 6, what is 343 + -5?
334
In base 9, what is -5 - -3048?
3043
In base 6, what is -3 + 141?
134
In base 6, what is -3 + -15344?
-15351
In base 4, what is -2223 - 3?
-2232
In base 4, what is 2130 - 1?
2123
In base 8, what is 6167 - -5?
6174
In base 6, what is 2 - -204?
210
In base 4, what is -323 - 3?
-332
In base 6, what is 52 - -1?
53
In base 8, what is -112 - 113?
-225
In base 9, what is -1 - -141?
140
In base 7, what is 24241 - 1?
24240
In base 13, what is -38b - 5?
-393
In base 3, what is 100020 + 1?
100021
In base 6, what is 11 + 233?
244
In base 9, what is -6 + 723?
716
In base 15, what is -a - -67b?
671
In base 6, what is 4341 + 2?
4343
In base 6, what is 22 - -5044?
5110
In base 12, what is -5 + 16?
11
In base 9, what is -14 - -3?
-11
In base 10, what is -3 - 35?
-38
In base 13, what is 132c + -3?
1329
In base 8, what is -113 - 7?
-122
In base 2, what is 111111010010 + -11?
111111001111
In base 12, what is -24 + 19?
-7
In base 8, what is -2 - 303?
-305
In base 9, what is 3205 + 4?
3210
In base 15, what is -3 - 34?
-37
In base 7, what is -3 + 133?
130
In base 3, what is 10 + -110122?
-110112
In base 15, what is -32a - -5?
-325
In base 4, what is -1 - -10033?
10032
In base 4, what is 3 - -1001?
1010
In base 8, what is -73 - -3?
-70
In base 8, what is -234 + 64?
-150
In base 7, what is -2566 - 1?
-2600
In base 4, what is -23 - -210?
121
In base 8, what is 62 + -204?
-122
In base 6, what is 312 - -23?
335
In base 5, what is -3 - 11?
-14
In base 4, what is 13 + -203?
-130
In base 5, what is -1 - -32?
31
In base 7, what is 533 - 5?
525
In base 12, what is -3 + -44?
-47
In base 4, what is 2122 - -111?
2233
In base 9, what is -1 - 1405?
-1406
In base 7, what is 41 - -13?
54
In base 16, what is -5 - 5?
-a
In base 12, what is 128 - -1?
129
In base 3, what is 121 - -102?
1000
In base 14, what is -46 - -1?
-45
In base 10, what is -5 + 5?
0
In base 13, what is 0 + -81?
-81
In base 5, what is -3330 + -43?
-3423
In base 2, what is -10101 - -110?
-1111
In base 11, what is 50 + 1?
51
In base 13, what is -1c - -3?
-19
In base 15, what is -3 - 2dc?
-2e0
In base 12, what is -223 - -4?
-21b
In base 2, what is 10 + 1010?
1100
In base 8, what is 143 + -5?
136
In base 14, what is -5 + -a5?
-aa
In base 8, what is 250 + -4?
244
In base 4, what is 31331 + 2?
31333
In base 5, what is -1410 - -32?
-1323
In base 13, what is 1c - -62?
81
In base 11, what is 2 + 92?
94
In base 8, what is 40 - 64?
-24
In base 16, what is -10 - -6?
-a
In base 9, what is 1 + -121?
-120
In base 3, what is 1110122 + 2?
1110201
In base 3, what is 20 - 10000?
-2210
In base 2, what is 100100100 - 1?
100100011
In base 15, what is 1 + -39?
-38
In base 10, what is 2552 - 3?
2549
In base 3, what is -2011102 - -2?
-2011100
In base 9, what is 7484 - -3?
7487
In base 7, what is -4 + -4646?
-4653
In base 8, what is -53 - 0?
-53
In base 2, what is 1101 - 111001100?
-110111111
In base 15, what is 6 - 2e?
-28
In base 11, what is 3 - 76?
-73
In base 13, what is -2c0 + -7?
-2c7
In base 12, what is -90 - 1b?
-ab
In base 3, what is -12222 - 11?
-20010
In base 13, what is 100 - 6?
c7
In base 12, what is 11 + 2a?
3b
In base 12, what is 4 + -122?
-11a
In base 16, what is 35 - a5?
-70
In base 5, what is 1331 - -20?
1401
In base 10, what is 65 - -1?
66
In base 13, what is 3 + 1b?
21
In base 9, what is -338 - 8?
-347
In base 2, what is -1101110 + -100?
-1110010
In base 8, what is 657 + -1?
656
In base 12, what is 81 - -6?
87
In base 14, what is 41 + 2d?
70
In base 4, what is -210 + 230?
20
In base 11, what is 6300 - -2?
6302
In base 3, what is -12 + -101222100?
-101222112
In base 15, what is -1 - -1a80?
1a7e
In base 15, what is 3 - -1e?
22
In base 6, what is 5 + -244?
-235
In base 16, what is e - -4?
12
In base 16, what is -ef - -1?
-ee
In base 12, what is 1 - 3928?
-3927
In base 16, what is 1c4 - -3?
1c7
In base 10, what is 43 - 5?
38
In base 4, what is -122 - -1122?
1000
In base 5, what is -10 - -40?
30
In base 16, what is -215 - -7?
-20e
In base 2, what is -11011111011 + -1100?
-11100000111
In base 13, what is -44 - -21?
-23
In base 16, what is 22 - -3?
25
In base 5, what is 13 - -101324?
101342
In base 7, what is -201 + 10?
-161
In base 2, what is -1001111 + 10?
-1001101
In base 6, what is 1 - 10001?
-10000
In base 15, what is -20 + 12d?
10d
In base 13, what is 3 + -b5?
-b2
In base 4, what is -2313 + 0?
-2313
In base 16, what is -3 - -127?
124
In base 8, what is 2 - 31?
-27
In base 12, what is 1a - 0?
1a
In base 6, what is -15113 + 5?
-15104
In base 16, what is -5 + 656?
651
In base 13, what is -24 + 2?
-22
In base 11, what is -38 + a4?
67
In base 9, what is -3 + 72?
68
In base 7, what is 11155 + -3?
11152
In base 16, what is d - 4?
9
In base 15, what is -d + -1?
-e
In base 4, what is -110 + -231?
-1001
In base 13, what is -2 - -b5?
b3
In base 12, what is -17 + -3?
-1a
In base 4, what is 33 + 10201?
10300
In base 4, what is 102 + 11?
113
In base 10, what is -146 + -2?
-148
In base 9, what is 3 + 41?
44
In base 8, what is -37 - -122?
63
In base 14, what is 2 + -51c?
-51a
In base 9, what is -6 + 23?
16
In base 2, what is 10110011 + -1100?
10100111
In base 16, what is -7 + -4?
-b
In base 13, what is -127 - 2?
-129
In base 6, what is 3 + -133?
-130
In base 12, what is -75 - 10?
-85
In base 16, what is -4 - 13?
-17
In base 12, what is 62 + 2?
64
In base 12, what is 0 + -127b?
-127b
In base 2, what is -101000111110 + 10?
-101000111100
In base 13, what is 3 - 46?
-43
In base 16, what is 0 - 293?
-293
In base 6, what is -2 - 40?
-42
In base 2, what is -101110101001 + -1?
-101110101010
In base 11, what is -4 + 17?
13
In base 11, what is 224 + 5?
229
In base 10, what is 10 - 2?
8
In base 6, what is 3 + -4355?
-4352
In base 7, what is -12245 - -4?
-12241
In base 9, what is -62 + 5?
-56
In base 10, what is 26 + 6?
32
In base 14, what is -2c16 + -2?
-2c18
In base 12, what is -4 + -a70?
-a74
In base 14, what is 22 + -5?
1b
In base 6, what is 4 + -43?
-35
In base 3, what is 1112 - -222?
2111
In base 3, what is 0 - -10002?
10002
In base 9, what is 3 - 168?
-165
In base 3, what is -11 - 222?
-1010
In base 9, what is -16 + 17?
1
In base 10, what is 292 - 3?
289
In base 10, what is -42 + -4?
-46
In base 12, what is 173 + -4?
16b
In base 3, what is 210221 - -11?
211002
In base 7, what is -2 + -130?
-132
In base 15, what is 3e + 0?
3e
In base 9, what is -53 + 10?
-43
In base 5, what is 224 - -21?
300
In base 10, what is 3 + -2?
1
In base 7, what is 100 + 266?
366
In base 4, what is -2 - -1?
-1
In base 12, what is 260 + 48?
2a8
In base 2, what is 11 + 11100?
11111
In base 11, what is 4 + -31?
-28
In base 16, what is 50f + 0?
50f
In base 7, what is -305 - 32?
-340
In base 11, what is 368 + 4?
371
In base 14, what is 54 + -4?
50
In base 7, what is -5401 - -2?
-5366
In base 15, what is 0 - -750?
750
In base 11, what is 5a + -59?
1
In base 11, what is -6 + 3333?
3328
In base 8, what is -104 + -301?
-405
In base 3, what is -1120221 + 12?
-1120202
In base 5, what is -2103 - 3?
-2111
In base 10, what is 5 - -1108?
1113
In base 3, what is 11 - -10102?
10120
In base 8, what is -35037 - -4?
-35033
In base 7, what is -63260 - 4?
-63264
In base 8, what